{"id":1830,"date":"2022-11-06T19:01:03","date_gmt":"2022-11-06T19:01:03","guid":{"rendered":"https:\/\/colpresantateresacucuta.edu.co\/revistaecos\/?page_id=1830"},"modified":"2024-08-21T15:25:42","modified_gmt":"2024-08-21T15:25:42","slug":"ciberbulling","status":"publish","type":"page","link":"https:\/\/colpresantateresacucuta.edu.co\/revistaecos\/ciberbulling\/","title":{"rendered":"Ciberbulling"},"content":{"rendered":"\t\t<div data-elementor-type=\"wp-page\" data-elementor-id=\"1830\" class=\"elementor elementor-1830\">\n\t\t\t\t\t\t<section class=\"elementor-section elementor-top-section elementor-element elementor-element-2769fb52 elementor-section-content-middle elementor-section-boxed elementor-section-height-default elementor-section-height-default\" data-id=\"2769fb52\" data-element_type=\"section\" data-settings=\"{&quot;background_background&quot;:&quot;classic&quot;}\">\n\t\t\t\t\t\t<div class=\"elementor-container elementor-column-gap-wide\">\n\t\t\t\t\t<div class=\"elementor-column elementor-col-50 elementor-top-column elementor-element elementor-element-44cd4176\" data-id=\"44cd4176\" data-element_type=\"column\" data-settings=\"{&quot;background_background&quot;:&quot;classic&quot;}\">\n\t\t\t<div class=\"elementor-widget-wrap elementor-element-populated\">\n\t\t\t\t\t\t<div class=\"elementor-element elementor-element-29842415 elementor-widget elementor-widget-spacer\" data-id=\"29842415\" data-element_type=\"widget\" data-widget_type=\"spacer.default\">\n\t\t\t\t<div class=\"elementor-widget-container\">\n\t\t\t\t\t\t\t<div class=\"elementor-spacer\">\n\t\t\t<div class=\"elementor-spacer-inner\"><\/div>\n\t\t<\/div>\n\t\t\t\t\t\t<\/div>\n\t\t\t\t<\/div>\n\t\t\t\t\t<\/div>\n\t\t<\/div>\n\t\t\t\t<div class=\"elementor-column elementor-col-50 elementor-top-column elementor-element elementor-element-117b5491\" data-id=\"117b5491\" data-element_type=\"column\">\n\t\t\t<div class=\"elementor-widget-wrap elementor-element-populated\">\n\t\t\t\t\t\t<div class=\"elementor-element elementor-element-431ec8f5 elementor-invisible elementor-widget elementor-widget-heading\" data-id=\"431ec8f5\" data-element_type=\"widget\" data-settings=\"{&quot;_animation&quot;:&quot;fadeIn&quot;}\" data-widget_type=\"heading.default\">\n\t\t\t\t<div class=\"elementor-widget-container\">\n\t\t\t\t\t<h4 class=\"elementor-heading-title elementor-size-medium\">AMIGO LECTOR:<\/h4>\t\t\t\t<\/div>\n\t\t\t\t<\/div>\n\t\t\t\t<div class=\"elementor-element elementor-element-3cb57fe7 elementor-widget elementor-widget-heading\" data-id=\"3cb57fe7\" data-element_type=\"widget\" data-widget_type=\"heading.default\">\n\t\t\t\t<div class=\"elementor-widget-container\">\n\t\t\t\t\t<h4 class=\"elementor-heading-title elementor-size-xl\">La pasi\u00f3n por la lectura a trav\u00e9s del intercambio de libros<\/h4>\t\t\t\t<\/div>\n\t\t\t\t<\/div>\n\t\t\t\t<div class=\"elementor-element elementor-element-b1eaede elementor-widget__width-initial elementor-widget elementor-widget-text-editor\" data-id=\"b1eaede\" data-element_type=\"widget\" data-widget_type=\"text-editor.default\">\n\t\t\t\t<div class=\"elementor-widget-container\">\n\t\t\t\t\t\t\t\t\t<p><span style=\"font-weight: 500;\">En el reciente lanzamiento del innovador programa \u00abAmigo Lector\u00bb en la secci\u00f3n primaria y secundaria, de nuestra instituci\u00f3n, es muy gratificante el ser testigos de un emocionante giro en la promoci\u00f3n de la lectura entre los j\u00f3venes estudiantes. La actividad realizada en relaci\u00f3n al intercambio de libros, no solo ha propiciado un entorno din\u00e1mico para el aprendizaje y la interacci\u00f3n, sino que tambi\u00e9n ha reavivado el inter\u00e9s por la lectura de una manera muy personal y directa. A continuaci\u00f3n, compartimos los ecos de esta presentaci\u00f3n y c\u00f3mo \u00abAmigo Lector\u00bb est\u00e1 cambiando la actitud de los estudiantes en la interacci\u00f3n con los libros.<\/span><\/p>\t\t\t\t\t\t\t\t<\/div>\n\t\t\t\t<\/div>\n\t\t\t\t\t<\/div>\n\t\t<\/div>\n\t\t\t\t\t<\/div>\n\t\t<\/section>\n\t\t\t\t<section class=\"elementor-section elementor-top-section elementor-element elementor-element-d337992 elementor-section-boxed elementor-section-height-default elementor-section-height-default\" data-id=\"d337992\" data-element_type=\"section\" data-settings=\"{&quot;background_background&quot;:&quot;classic&quot;}\">\n\t\t\t\t\t\t<div class=\"elementor-container elementor-column-gap-default\">\n\t\t\t\t\t<div class=\"elementor-column elementor-col-50 elementor-top-column elementor-element elementor-element-8b61293\" data-id=\"8b61293\" data-element_type=\"column\">\n\t\t\t<div class=\"elementor-widget-wrap elementor-element-populated\">\n\t\t\t\t\t\t<div class=\"elementor-element elementor-element-9c0e1b7 elementor-widget__width-initial elementor-widget elementor-widget-text-editor\" data-id=\"9c0e1b7\" data-element_type=\"widget\" data-widget_type=\"text-editor.default\">\n\t\t\t\t<div class=\"elementor-widget-container\">\n\t\t\t\t\t\t\t\t\t<p><span style=\"font-weight: 500;\">El evento de lanzamiento del \u00abAmigo Lector\u00bb fue un fest\u00edn literario, celebrado en el auditorio de la escuela, con la participaci\u00f3n y el entusiasmo de estudiantes, docentes y la presencia significativa de\u00a0 algunos padres de familia. Los estudiantes, quienes previamente hab\u00edan seleccionado libros para sus compa\u00f1eros bas\u00e1ndose en sus intereses, esperaban ansiosos el momento del intercambio. La decoraci\u00f3n del auditorio, inspirada en motivos literarios cl\u00e1sicos y contempor\u00e1neos, cre\u00f3 un ambiente m\u00e1gico, perfecto para celebrar el mundo de los libros.<\/span><\/p><p><span style=\"font-weight: 500;\">Cada estudiante fue llamado al escenario para recibir un libro envuelto en papel brillante, junto con una nota personal del compa\u00f1ero que lo hab\u00eda seleccionado para \u00e9l. Las expresiones de sorpresa y alegr\u00eda al descubrir cada selecci\u00f3n fueron un testimonio del pensamiento y cuidado puestos en la elecci\u00f3n de cada libro.<\/span><\/p><p><span style=\"font-weight: 500;\">Posteriormente, se dedic\u00f3 tiempo para que los estudiantes pudieran compartir con el grupo el por qu\u00e9 de la elecci\u00f3n de ese libro en espec\u00edfico para su \u00abamigo lector\u00bb. Esta parte del evento permiti\u00f3 a los estudiantes practicar habilidades de expresi\u00f3n oral, y fomentar un ambiente de aprecio y respeto por las preferencias, <\/span><span style=\"font-weight: 500;\">y<\/span><span style=\"font-weight: 500;\"> gustos e intereses literarios de los dem\u00e1s.<\/span><\/p><p><span style=\"font-weight: 500;\">Los docentes que acompa\u00f1aron estos espacios, reportaron el entusiasmo renovado por la lectura en las aulas. En los d\u00edas siguientes al evento, se pudo presenciar a muchos estudiantes motivados con la lectura de sus nuevos libros durante los espacios del descanso discutiendo sobre ellos, con amigos y maestros. Este tipo de interacci\u00f3n ha confirmado la efectividad de \u00abAmigo Lector\u00bb como un medio para fomentar no solo la lectura, sino tambi\u00e9n la cohesi\u00f3n social dentro del entorno escolar.<\/span><\/p>\t\t\t\t\t\t\t\t<\/div>\n\t\t\t\t<\/div>\n\t\t\t\t\t<\/div>\n\t\t<\/div>\n\t\t\t\t<div class=\"elementor-column elementor-col-50 elementor-top-column elementor-element elementor-element-d991d82\" data-id=\"d991d82\" data-element_type=\"column\">\n\t\t\t<div class=\"elementor-widget-wrap elementor-element-populated\">\n\t\t\t\t\t\t<div class=\"elementor-element elementor-element-a9b74e2 elementor-widget__width-initial elementor-widget elementor-widget-text-editor\" data-id=\"a9b74e2\" data-element_type=\"widget\" data-widget_type=\"text-editor.default\">\n\t\t\t\t<div class=\"elementor-widget-container\">\n\t\t\t\t\t\t\t\t\t<p><span style=\"font-weight: 500;\">Adem\u00e1s, se han planificado una serie de actividades de seguimiento, incluyendo sesiones de discusi\u00f3n de libros y proyectos de escritura creativa basados en las lecturas realizadas. Estas actividades est\u00e1n dise\u00f1adas para profundizar la comprensi\u00f3n y apreciaci\u00f3n de los libros intercambiados con la finalidad de seguir fomentando una comunidad de j\u00f3venes lectores activos y cr\u00edticos.<\/span><\/p><p><span style=\"font-weight: 500;\">La presentaci\u00f3n del programa \u00abAmigo Lector\u00bb ha sido un resonante \u00e9xito, y los ecos de este lanzamiento continuar\u00e1n oy\u00e9ndose en nuestras aulas durante mucho tiempo. A trav\u00e9s de este intercambio de libros, hemos visto c\u00f3mo una simple acci\u00f3n puede transformarse en una poderosa herramienta pedag\u00f3gica y un catalizador para la formaci\u00f3n de una vibrante comunidad literaria entre nuestros estudiantes. A medida que se avanza con el programa, esperamos continuar viendo un impacto positivo en el buen h\u00e1bito de la lectura que se haga cultura en el acontecer de nuestras escuelas, enriqueciendo la vida acad\u00e9mica y personal de todos los estudiantes participantes, como los protagonistas que son y est\u00e1n llamados a generar cambios, para hacer posible nuevas oportunidades.\u00a0<\/span><\/p>\t\t\t\t\t\t\t\t<\/div>\n\t\t\t\t<\/div>\n\t\t\t\t<div class=\"elementor-element elementor-element-6563bcf elementor-widget elementor-widget-image\" data-id=\"6563bcf\" data-element_type=\"widget\" data-widget_type=\"image.default\">\n\t\t\t\t<div class=\"elementor-widget-container\">\n\t\t\t\t\t\t\t\t\t\t\t\t\t\t\t<img fetchpriority=\"high\" decoding=\"async\" width=\"2560\" height=\"1286\" src=\"https:\/\/colpresantateresacucuta.edu.co\/revistaecos\/wp-content\/uploads\/2024\/08\/DSC_2547-2-scaled.jpg\" class=\"attachment-full size-full wp-image-3131\" alt=\"\" srcset=\"https:\/\/colpresantateresacucuta.edu.co\/revistaecos\/wp-content\/uploads\/2024\/08\/DSC_2547-2-scaled.jpg 2560w, https:\/\/colpresantateresacucuta.edu.co\/revistaecos\/wp-content\/uploads\/2024\/08\/DSC_2547-2-300x151.jpg 300w, https:\/\/colpresantateresacucuta.edu.co\/revistaecos\/wp-content\/uploads\/2024\/08\/DSC_2547-2-1024x514.jpg 1024w, https:\/\/colpresantateresacucuta.edu.co\/revistaecos\/wp-content\/uploads\/2024\/08\/DSC_2547-2-768x386.jpg 768w, https:\/\/colpresantateresacucuta.edu.co\/revistaecos\/wp-content\/uploads\/2024\/08\/DSC_2547-2-1536x771.jpg 1536w, https:\/\/colpresantateresacucuta.edu.co\/revistaecos\/wp-content\/uploads\/2024\/08\/DSC_2547-2-2048x1029.jpg 2048w\" sizes=\"(max-width: 2560px) 100vw, 2560px\" \/>\t\t\t\t\t\t\t\t\t\t\t\t\t\t\t<\/div>\n\t\t\t\t<\/div>\n\t\t\t\t\t<\/div>\n\t\t<\/div>\n\t\t\t\t\t<\/div>\n\t\t<\/section>\n\t\t\t\t<\/div>\n\t\t","protected":false},"excerpt":{"rendered":"<p>AMIGO LECTOR: La pasi\u00f3n por la lectura a trav\u00e9s del intercambio de libros En el reciente lanzamiento del innovador programa \u00abAmigo Lector\u00bb en la secci\u00f3n primaria y secundaria, de nuestra instituci\u00f3n, es muy gratificante el ser testigos de un emocionante giro en la promoci\u00f3n de la lectura entre los j\u00f3venes estudiantes. La actividad realizada en &hellip;<\/p>\n<p class=\"read-more\"> <a class=\"\" href=\"https:\/\/colpresantateresacucuta.edu.co\/revistaecos\/ciberbulling\/\"> <span class=\"screen-reader-text\">Ciberbulling<\/span> Leer m\u00e1s &raquo;<\/a><\/p>\n","protected":false},"author":1,"featured_media":0,"parent":0,"menu_order":0,"comment_status":"closed","ping_status":"closed","template":"","meta":{"_eb_attr":"","site-sidebar-layout":"no-sidebar","site-content-layout":"page-builder","ast-global-header-display":"","ast-main-header-display":"","ast-hfb-above-header-display":"","ast-hfb-below-header-display":"","ast-hfb-mobile-header-display":"","site-post-title":"disabled","ast-breadcrumbs-content":"","ast-featured-img":"disabled","footer-sml-layout":"","theme-transparent-header-meta":"","adv-header-id-meta":"","stick-header-meta":"","header-above-stick-meta":"","header-main-stick-meta":"","header-below-stick-meta":"","footnotes":""},"class_list":["post-1830","page","type-page","status-publish","hentry"],"_links":{"self":[{"href":"https:\/\/colpresantateresacucuta.edu.co\/revistaecos\/wp-json\/wp\/v2\/pages\/1830","targetHints":{"allow":["GET"]}}],"collection":[{"href":"https:\/\/colpresantateresacucuta.edu.co\/revistaecos\/wp-json\/wp\/v2\/pages"}],"about":[{"href":"https:\/\/colpresantateresacucuta.edu.co\/revistaecos\/wp-json\/wp\/v2\/types\/page"}],"author":[{"embeddable":true,"href":"https:\/\/colpresantateresacucuta.edu.co\/revistaecos\/wp-json\/wp\/v2\/users\/1"}],"replies":[{"embeddable":true,"href":"https:\/\/colpresantateresacucuta.edu.co\/revistaecos\/wp-json\/wp\/v2\/comments?post=1830"}],"version-history":[{"count":32,"href":"https:\/\/colpresantateresacucuta.edu.co\/revistaecos\/wp-json\/wp\/v2\/pages\/1830\/revisions"}],"predecessor-version":[{"id":3138,"href":"https:\/\/colpresantateresacucuta.edu.co\/revistaecos\/wp-json\/wp\/v2\/pages\/1830\/revisions\/3138"}],"wp:attachment":[{"href":"https:\/\/colpresantateresacucuta.edu.co\/revistaecos\/wp-json\/wp\/v2\/media?parent=1830"}],"curies":[{"name":"wp","href":"https:\/\/api.w.org\/{rel}","templated":true}]}}