{"id":1866,"date":"2022-11-06T21:05:04","date_gmt":"2022-11-06T21:05:04","guid":{"rendered":"https:\/\/colpresantateresacucuta.edu.co\/revistaecos\/?page_id=1866"},"modified":"2024-08-21T11:39:37","modified_gmt":"2024-08-21T11:39:37","slug":"vocabulario","status":"publish","type":"page","link":"https:\/\/colpresantateresacucuta.edu.co\/revistaecos\/vocabulario\/","title":{"rendered":"Vocabulario"},"content":{"rendered":"\t\t<div data-elementor-type=\"wp-page\" data-elementor-id=\"1866\" class=\"elementor elementor-1866\">\n\t\t\t\t\t\t<section class=\"elementor-section elementor-top-section elementor-element elementor-element-6d7ee727 elementor-section-boxed elementor-section-height-default elementor-section-height-default\" data-id=\"6d7ee727\" data-element_type=\"section\" data-settings=\"{&quot;background_background&quot;:&quot;classic&quot;}\">\n\t\t\t\t\t\t<div class=\"elementor-container elementor-column-gap-default\">\n\t\t\t\t\t<div class=\"elementor-column elementor-col-50 elementor-top-column elementor-element elementor-element-5819fc8f\" data-id=\"5819fc8f\" data-element_type=\"column\">\n\t\t\t<div class=\"elementor-widget-wrap elementor-element-populated\">\n\t\t\t\t\t\t<div class=\"elementor-element elementor-element-da63d3c elementor-absolute elementor-hidden-tablet elementor-hidden-phone elementor-widget__width-initial elementor-widget elementor-widget-image\" data-id=\"da63d3c\" data-element_type=\"widget\" data-settings=\"{&quot;_position&quot;:&quot;absolute&quot;}\" data-widget_type=\"image.default\">\n\t\t\t\t<div class=\"elementor-widget-container\">\n\t\t\t\t\t\t\t\t\t\t\t\t\t\t\t<img decoding=\"async\" src=\"https:\/\/colpresantateresacucuta.edu.co\/revistaecos\/wp-content\/uploads\/elementor\/thumbs\/IMG_1887-qsxmy2v4cabkbf3p7ftk7o4vj4yyccesq5x2sei9o0.jpg\" title=\"IMG_1887\" alt=\"IMG_1887\" class=\"elementor-animation-rotate\" loading=\"lazy\" \/>\t\t\t\t\t\t\t\t\t\t\t\t\t\t\t<\/div>\n\t\t\t\t<\/div>\n\t\t\t\t<div class=\"elementor-element elementor-element-99cab9f elementor-absolute elementor-hidden-tablet elementor-hidden-phone elementor-widget__width-initial elementor-widget elementor-widget-image\" data-id=\"99cab9f\" data-element_type=\"widget\" data-settings=\"{&quot;_position&quot;:&quot;absolute&quot;}\" data-widget_type=\"image.default\">\n\t\t\t\t<div class=\"elementor-widget-container\">\n\t\t\t\t\t\t\t\t\t\t\t\t\t\t\t<img decoding=\"async\" src=\"https:\/\/colpresantateresacucuta.edu.co\/revistaecos\/wp-content\/uploads\/elementor\/thumbs\/IMG_1896-qsxmr12p30o58pccde4aig6f53pum2f9r9rz7oykc0.jpg\" title=\"IMG_1896\" alt=\"IMG_1896\" class=\"elementor-animation-rotate\" loading=\"lazy\" \/>\t\t\t\t\t\t\t\t\t\t\t\t\t\t\t<\/div>\n\t\t\t\t<\/div>\n\t\t\t\t<div class=\"elementor-element elementor-element-bed5b89 elementor-absolute elementor-hidden-tablet elementor-hidden-phone elementor-widget__width-initial elementor-widget elementor-widget-image\" data-id=\"bed5b89\" data-element_type=\"widget\" data-settings=\"{&quot;_position&quot;:&quot;absolute&quot;}\" data-widget_type=\"image.default\">\n\t\t\t\t<div class=\"elementor-widget-container\">\n\t\t\t\t\t\t\t\t\t\t\t\t\t\t\t<img decoding=\"async\" src=\"https:\/\/colpresantateresacucuta.edu.co\/revistaecos\/wp-content\/uploads\/elementor\/thumbs\/IMG_1885-qsxmrx17jdvw7g1x6rxlv843c7cbvry57nyhj3n6gg.jpg\" title=\"IMG_1885\" alt=\"IMG_1885\" class=\"elementor-animation-rotate\" loading=\"lazy\" \/>\t\t\t\t\t\t\t\t\t\t\t\t\t\t\t<\/div>\n\t\t\t\t<\/div>\n\t\t\t\t\t<\/div>\n\t\t<\/div>\n\t\t\t\t<div class=\"elementor-column elementor-col-50 elementor-top-column elementor-element elementor-element-3e7b783f\" data-id=\"3e7b783f\" data-element_type=\"column\">\n\t\t\t<div class=\"elementor-widget-wrap elementor-element-populated\">\n\t\t\t\t\t\t<section class=\"elementor-section elementor-inner-section elementor-element elementor-element-1ab80eeb elementor-section-boxed elementor-section-height-default elementor-section-height-default\" data-id=\"1ab80eeb\" data-element_type=\"section\">\n\t\t\t\t\t\t<div class=\"elementor-container elementor-column-gap-default\">\n\t\t\t\t\t<div class=\"elementor-column elementor-col-100 elementor-inner-column elementor-element elementor-element-2b66d79\" data-id=\"2b66d79\" data-element_type=\"column\">\n\t\t\t<div class=\"elementor-widget-wrap elementor-element-populated\">\n\t\t\t\t\t\t<div class=\"elementor-element elementor-element-beeaef6 elementor-widget elementor-widget-heading\" data-id=\"beeaef6\" data-element_type=\"widget\" data-widget_type=\"heading.default\">\n\t\t\t\t<div class=\"elementor-widget-container\">\n\t\t\t\t\t<h2 class=\"elementor-heading-title elementor-size-default\">Un viaje al Amazonas a trav\u00e9s de la literatura<\/h2>\t\t\t\t<\/div>\n\t\t\t\t<\/div>\n\t\t\t\t\t<\/div>\n\t\t<\/div>\n\t\t\t\t\t<\/div>\n\t\t<\/section>\n\t\t\t\t<section class=\"elementor-section elementor-inner-section elementor-element elementor-element-3e736b86 elementor-section-boxed elementor-section-height-default elementor-section-height-default\" data-id=\"3e736b86\" data-element_type=\"section\">\n\t\t\t\t\t\t<div class=\"elementor-container elementor-column-gap-default\">\n\t\t\t\t\t<div class=\"elementor-column elementor-col-100 elementor-inner-column elementor-element elementor-element-156a324c\" data-id=\"156a324c\" data-element_type=\"column\">\n\t\t\t<div class=\"elementor-widget-wrap elementor-element-populated\">\n\t\t\t\t\t\t<div class=\"elementor-element elementor-element-38970a53 elementor-widget elementor-widget-text-editor\" data-id=\"38970a53\" data-element_type=\"widget\" data-widget_type=\"text-editor.default\">\n\t\t\t\t<div class=\"elementor-widget-container\">\n\t\t\t\t\t\t\t\t\t<p>La lectura es un veh\u00edculo directo a la exploraci\u00f3n de mundos desconocidos o inalcanzables, que le permite al ser humano llegar a donde siempre ha querido sin palpar o sentir el aire por su cuerpo de un espacio anhelado.\u00a0<\/p><p>Desde el \u00e1rea de Lengua Castellana se ha puesto en pr\u00e1ctica el proyecto de Plan Lector, el cual le permite a los estudiantes fortalecer valores que potencien el ser \u00edntegro con perfil Presentaci\u00f3n y en \u00e9l, la solidaridad, la puntualidad, el trabajo en equipo, la creatividad Adem\u00e1s de generar inter\u00e9s por la lectura.<\/p><p>En esta ocasi\u00f3n los estudiantes de sexto grado, participaron de su primera experiencia del proyecto, resaltando las maravillas del Amazonas y la riqueza de las diferentes culturas como la Shuar y los Ashuar, quienes habitan en las profundidades de la exuberante selva tropical. Durante el desarrollo del segundo periodo, los estudiantes participaron de la experiencia de navegar en las profundidades del Amazonas a trav\u00e9s del libro \u201cVerde fue mi selva\u201d de Edna Iturralde,; trece historias que se desarrollan en la Amazon\u00eda ecuatoriana donde sus protagonistas son pobladores de este lugar, y a trav\u00e9s de historias incre\u00edbles, relatan c\u00f3mo es vivir en tan atractivo lugar.\u00a0<\/p><p>\u00a0A trav\u00e9s de creativos y llamativos rincones, los estudiantes del colegio La Presentaci\u00f3n Santa Teresa-C\u00facuta, dieron a conocer la amplia gama de plantas medicinales, habilidades para la pesca y las tradiciones ancestrales que se entrelazan con el entorno que rodea la Amazon\u00eda ecuatoriana. Adem\u00e1s, del diminuto lazo de su conexi\u00f3n espiritual con la tierra y la naturaleza. Cabe resaltar que, sin importar el auge tecnol\u00f3gico de pleno siglo, sus pobladores contin\u00faan elaborando precios\u00edsimas esculturas talladas en madera y cer\u00e1mica, que traen consigo un bagaje hist\u00f3rico junto con la preservaci\u00f3n de su identidad y testimonio cultural con una amplia sabidur\u00eda ancestral de los pueblos amaz\u00f3nicos.<\/p><p>El proyecto de plan lector que se desarrolla actualmente en la instituci\u00f3n, cobra importancia, pues no solo promueve el h\u00e1bito de la lectura como una herramienta fundamental para adquirir conocimiento, sino que potencia las diferentes habilidades comunicativas b\u00e1sicas en el ser humano, como lo son hablar, leer, escuchar y escribir. Adem\u00e1s de estimular la imaginaci\u00f3n, plantea desaf\u00edos, fomentando la capacidad cr\u00edtica y el an\u00e1lisis de procesos complejos.\u00a0<\/p><p>\u00a0<\/p>\t\t\t\t\t\t\t\t<\/div>\n\t\t\t\t<\/div>\n\t\t\t\t\t<\/div>\n\t\t<\/div>\n\t\t\t\t\t<\/div>\n\t\t<\/section>\n\t\t\t\t<section class=\"elementor-section elementor-inner-section elementor-element elementor-element-5b3aa0eb elementor-section-content-middle elementor-section-boxed elementor-section-height-default elementor-section-height-default\" data-id=\"5b3aa0eb\" data-element_type=\"section\">\n\t\t\t\t\t\t<div class=\"elementor-container elementor-column-gap-default\">\n\t\t\t\t\t<div class=\"elementor-column elementor-col-100 elementor-inner-column elementor-element elementor-element-18afaa0a\" data-id=\"18afaa0a\" data-element_type=\"column\">\n\t\t\t<div class=\"elementor-widget-wrap elementor-element-populated\">\n\t\t\t\t\t\t<div class=\"elementor-element elementor-element-2e4e9bf elementor-widget elementor-widget-text-editor\" data-id=\"2e4e9bf\" data-element_type=\"widget\" data-widget_type=\"text-editor.default\">\n\t\t\t\t<div class=\"elementor-widget-container\">\n\t\t\t\t\t\t\t\t\t<p><span style=\"font-weight: 500;\"><b>Lic. Ana Carlota Restrepo Hern\u00e1ndez<\/b><\/span><\/p>\t\t\t\t\t\t\t\t<\/div>\n\t\t\t\t<\/div>\n\t\t\t\t\t<\/div>\n\t\t<\/div>\n\t\t\t\t\t<\/div>\n\t\t<\/section>\n\t\t\t\t\t<\/div>\n\t\t<\/div>\n\t\t\t\t\t<\/div>\n\t\t<\/section>\n\t\t\t\t<section class=\"elementor-section elementor-top-section elementor-element elementor-element-24f89e7 elementor-section-boxed elementor-section-height-default elementor-section-height-default\" data-id=\"24f89e7\" data-element_type=\"section\">\n\t\t\t\t\t\t<div class=\"elementor-container elementor-column-gap-default\">\n\t\t\t\t\t<div class=\"elementor-column elementor-col-100 elementor-top-column elementor-element elementor-element-5eb484d\" data-id=\"5eb484d\" data-element_type=\"column\">\n\t\t\t<div class=\"elementor-widget-wrap elementor-element-populated\">\n\t\t\t\t\t\t<div class=\"elementor-element elementor-element-debdfd5 elementor-widget-divider--view-line elementor-widget elementor-widget-divider\" data-id=\"debdfd5\" data-element_type=\"widget\" data-widget_type=\"divider.default\">\n\t\t\t\t<div class=\"elementor-widget-container\">\n\t\t\t\t\t\t\t<div class=\"elementor-divider\">\n\t\t\t<span class=\"elementor-divider-separator\">\n\t\t\t\t\t\t<\/span>\n\t\t<\/div>\n\t\t\t\t\t\t<\/div>\n\t\t\t\t<\/div>\n\t\t\t\t\t<\/div>\n\t\t<\/div>\n\t\t\t\t\t<\/div>\n\t\t<\/section>\n\t\t\t\t<\/div>\n\t\t","protected":false},"excerpt":{"rendered":"<p>Un viaje al Amazonas a trav\u00e9s de la literatura La lectura es un veh\u00edculo directo a la exploraci\u00f3n de mundos desconocidos o inalcanzables, que le permite al ser humano llegar a donde siempre ha querido sin palpar o sentir el aire por su cuerpo de un espacio anhelado.\u00a0 Desde el \u00e1rea de Lengua Castellana se &hellip;<\/p>\n<p class=\"read-more\"> <a class=\"\" href=\"https:\/\/colpresantateresacucuta.edu.co\/revistaecos\/vocabulario\/\"> <span class=\"screen-reader-text\">Vocabulario<\/span> Leer m\u00e1s &raquo;<\/a><\/p>\n","protected":false},"author":1,"featured_media":0,"parent":0,"menu_order":0,"comment_status":"closed","ping_status":"closed","template":"","meta":{"_eb_attr":"","site-sidebar-layout":"no-sidebar","site-content-layout":"page-builder","ast-global-header-display":"","ast-main-header-display":"","ast-hfb-above-header-display":"","ast-hfb-below-header-display":"","ast-hfb-mobile-header-display":"","site-post-title":"disabled","ast-breadcrumbs-content":"","ast-featured-img":"disabled","footer-sml-layout":"","theme-transparent-header-meta":"","adv-header-id-meta":"","stick-header-meta":"","header-above-stick-meta":"","header-main-stick-meta":"","header-below-stick-meta":"","footnotes":""},"class_list":["post-1866","page","type-page","status-publish","hentry"],"_links":{"self":[{"href":"https:\/\/colpresantateresacucuta.edu.co\/revistaecos\/wp-json\/wp\/v2\/pages\/1866","targetHints":{"allow":["GET"]}}],"collection":[{"href":"https:\/\/colpresantateresacucuta.edu.co\/revistaecos\/wp-json\/wp\/v2\/pages"}],"about":[{"href":"https:\/\/colpresantateresacucuta.edu.co\/revistaecos\/wp-json\/wp\/v2\/types\/page"}],"author":[{"embeddable":true,"href":"https:\/\/colpresantateresacucuta.edu.co\/revistaecos\/wp-json\/wp\/v2\/users\/1"}],"replies":[{"embeddable":true,"href":"https:\/\/colpresantateresacucuta.edu.co\/revistaecos\/wp-json\/wp\/v2\/comments?post=1866"}],"version-history":[{"count":35,"href":"https:\/\/colpresantateresacucuta.edu.co\/revistaecos\/wp-json\/wp\/v2\/pages\/1866\/revisions"}],"predecessor-version":[{"id":3108,"href":"https:\/\/colpresantateresacucuta.edu.co\/revistaecos\/wp-json\/wp\/v2\/pages\/1866\/revisions\/3108"}],"wp:attachment":[{"href":"https:\/\/colpresantateresacucuta.edu.co\/revistaecos\/wp-json\/wp\/v2\/media?parent=1866"}],"curies":[{"name":"wp","href":"https:\/\/api.w.org\/{rel}","templated":true}]}}